atest common factor of 11 and 49973?
11
What is the greatest common factor of 229 and 31144?
229
Calculate the greatest common divisor of 1464 and 888.
24
What is the highest common divisor of 150 and 18?
6
Calculate the highest common divisor of 429 and 3783.
39
Calculate the highest common divisor of 3860 and 80.
20
Calculate the highest common factor of 11781 and 105.
21
What is the greatest common divisor of 5287 and 34?
17
What is the greatest common factor of 1271 and 31?
31
Calculate the highest common divisor of 384 and 1600.
64
Calculate the highest common factor of 73 and 146.
73
What is the highest common factor of 8 and 58?
2
Calculate the greatest common divisor of 1 and 41.
1
What is the highest common factor of 460 and 4715?
115
Calculate the highest common factor of 10731 and 1095.
219
What is the greatest common factor of 45 and 27?
9
What is the greatest common factor of 10738 and 26?
26
What is the highest common divisor of 224 and 84?
28
What is the greatest common factor of 32 and 1472?
32
What is the greatest common divisor of 181 and 27512?
181
What is the greatest common divisor of 320 and 400?
80
What is the highest common divisor of 60 and 1668?
12
What is the highest common divisor of 90 and 162?
18
Calculate the highest common divisor of 8556 and 124.
124
Calculate the highest common factor of 2625 and 21.
21
What is the highest common divisor of 128 and 12?
4
Calculate the greatest common divisor of 10 and 1130.
10
Calculate the greatest common divisor of 172 and 430.
86
What is the greatest common factor of 3140 and 20?
20
What is the highest common divisor of 8 and 1796?
4
Calculate the highest common divisor of 1238 and 2.
2
Calculate the greatest common divisor of 880 and 11792.
176
What is the greatest common factor of 14 and 4438?
14
Calculate the highest common divisor of 140 and 42.
14
Calculate the greatest common divisor of 99 and 3.
3
What is the highest common divisor of 343 and 1127?
49
What is the greatest common divisor of 30544 and 48?
16
What is the greatest common divisor of 15981 and 21?
21
What is the greatest common factor of 58 and 2291?
29
Calculate the highest common divisor of 7 and 42.
7
Calculate the highest common factor of 15 and 1455.
15
What is the greatest common factor of 60 and 885?
15
What is the greatest common factor of 5922 and 14?
14
What is the highest common divisor of 91 and 5369?
91
Calculate the greatest common factor of 7479 and 216.
27
What is the highest common factor of 27 and 5?
1
What is the greatest common divisor of 81 and 36?
9
What is the highest common factor of 28 and 4158?
14
What is the highest common divisor of 64 and 208?
16
What is the greatest common factor of 119 and 34?
17
Calculate the greatest common factor of 1256 and 64.
8
What is the highest common divisor of 72 and 60?
12
What is the greatest common factor of 118 and 8378?
118
What is the greatest common factor of 56 and 120?
8
Calculate the greatest common factor of 196 and 42.
14
Calculate the greatest common divisor of 127 and 4699.
127
Calculate the greatest common factor of 23672 and 11.
11
Calculate the greatest common factor of 7 and 3.
1
Calculate the greatest common factor of 26 and 130.
26
What is the highest common divisor of 2652 and 13?
13
What is the greatest common divisor of 12 and 501?
3
What is the highest common divisor of 34 and 170?
34
What is the highest common divisor of 576 and 414?
18
What is the greatest common divisor of 4 and 3236?
4
Calculate the greatest common factor of 108 and 804.
12
Calculate the greatest common divisor of 50 and 150.
50
Calculate the highest common divisor of 5946 and 12.
6
What is the highest common divisor of 164 and 2378?
82
What is the highest common divisor of 225 and 24?
3
What is the highest common divisor of 26 and 6266?
26
What is the highest common factor of 240 and 816?
48
Calculate the greatest common divisor of 962 and 518.
74
What is the greatest common divisor of 2070 and 135?
45
What is the greatest common divisor of 565 and 5?
5
What is the greatest common divisor of 135 and 162?
27
What is the greatest common divisor of 54 and 1872?
18
What is the highest common divisor of 10 and 3670?
10
What is the highest common factor of 2769 and 195?
39
Calculate the highest common divisor of 146 and 10147.
73
Calculate the greatest common divisor of 4324 and 752.
188
Calculate the greatest common divisor of 3598 and 14.
14
What is the greatest common divisor of 1989 and 9?
9
Calculate the highest common divisor of 4 and 692.
4
Calculate the highest common factor of 12 and 1308.
12
Calculate the highest common factor of 286 and 264.
22
What is the highest common factor of 63 and 3?
3
What is the greatest common divisor of 19 and 1216?
19
What is the highest common factor of 60 and 1220?
20
What is the greatest common divisor of 59 and 9617?
59
Calculate the greatest common divisor of 77 and 175.
7
Calculate the greatest common divisor of 27070 and 10.
10
Calculate the highest common divisor of 42 and 448.
14
What is the greatest common divisor of 594 and 540?
54
What is the highest common divisor of 65561 and 53?
53
Calculate the highest common factor of 10 and 640.
10
Calculate the highest common factor of 16 and 2008.
8
What is the greatest common divisor of 164 and 12?
4
What is the greatest common factor of 210 and 870?
30
What is the greatest common divisor of 13 and 12779?
13
What is the highest common factor of 38 and 1?
1
Calculate the highest common divisor of 9 and 3.
3
Calculate the greatest common factor of 65 and 260.
65
Calculate the greatest common factor of 10 and 10.
10
What is the highest common divisor of 30 and 165?
15
Calculate the highest common factor of 581 and 7.
7
Calculate the greatest common factor of 40 and 128.
8
What is the highest common divisor of 110 and 30?
10
Calculate the greatest common divisor of 67 and 1273.
67
Calculate the greatest common divisor of 35 and 63.
7
What is the highest common divisor of 42 and 168?
42
Calculate the highest common divisor of 1976 and 520.
104
Calculate the highest common divisor of 34 and 3434.
34
Calculate the greatest common factor of 2630 and 60.
10
What is the highest common factor of 1339 and 206?
103
What is the highest common factor of 7 and 23?
1
Calculate the highest common divisor of 44 and 99.
11
Calculate the highest common divisor of 22194 and 137.
137
Calculate the greatest common factor of 754 and 812.
58
What is the highest common factor of 1121 and 19?
19
What is the greatest common factor of 35 and 11200?
35
Calculate the highest common divisor of 100 and 225.
25
Calculate the greatest common factor of 78 and 182.
26
Calculate the highest common factor of 25 and 575.
25
What is the greatest common divisor of 309 and 824?
103
Calculate the greatest common divisor of 169 and 208.
13
Calculate the highest common factor of 36 and 162.
18
Calculate the highest common factor of 103 and 1957.
103
Calculate the greatest common factor of 10136 and 56.
56
What is the highest common divisor of 40 and 60?
20
Calculate the highest common factor of 20 and 104320.
20
What is the highest common divisor of 6 and 3?
3
Calculate the greatest common factor of 1331 and 4840.
121
Calculate the greatest common divisor of 12 and 2176.
4
Calculate the highest common divisor of 87 and 29.
29
What is the greatest common divisor of 693 and 36?
9
Calculate the highest common factor of 15 and 555.
15
Calculate the greatest common factor of 148 and 2812.
148
Calculate the highest common factor of 8 and 472.
8
What is the greatest common factor of 84 and 2688?
84
What is the highest common factor of 102 and 11526?
102
What is the highest common factor of 4 and 48?
4
Calculate the highest common divisor of 111 and 148.
37
What is the highest common factor of 51 and 901?
17
What is the greatest common factor of 22 and 88?
22
Calculate the greatest common divisor of 16 and 208.
16
What is the greatest common factor of 2226 and 42?
42
Calculate the greatest common factor of 580 and 40.
20
Calculate the highest common divisor of 231 and 42.
21
What is the highest common factor of 224 and 128?
32
What is the greatest common divisor of 1491 and 84?
21
Calculate the highest common facto